 divide h?
False
Let g(l) be the first derivative of l**4/4 - 5*l**3/3 - 7*l**2/2 + 7*l - 11. Is 28 a factor of g(7)?
True
Let q(m) = -m + 1. Let o(p) = -2*p + 21. Let l = 14 - 13. Let z(c) = l*o(c) - 6*q(c). Does 18 divide z(9)?
False
Suppose 0 = -59*b + 47*b + 5292. Does 25 divide b?
False
Suppose 4*k = 2*f - 2 - 10, 0 = -3*f + k + 33. Let v(s) = s**2 - 9*s - 16. Let m be v(f). Suppose 0 = -4*u - 5*j + 66, 2*u + 3*j = u + m. Is 7 a factor of u?
True
Let g = 38 - 47. Let p(j) be the third derivative of -j**6/120 - j**5/6 - j**4/2 + j**3/2 - 5*j**2. Does 10 divide p(g)?
True
Let t(y) = 41*y**2 + 16*y - 110. Is t(7) a multiple of 15?
False
Let t(k) = -48*k - 32. Let y be t(-16). Suppose 2*f + 2*s = y, 2*s = 4*f - 3*s - 1499. Is 53 a factor of f?
True
Let q(p) = -29*p + 23. Let b be q(-11). Suppose 0 = -0*r + 3*r - b. Does 38 divide r?
True
Let v = -262 - -268. Is v a multiple of 4?
False
Let a = -1 - -5. Suppose 0*b + 5*t = 5*b - 450, -t - 348 = -a*b. Let u = b - 22. Does 16 divide u?
True
Suppose 0 = g - 3*g - 3*d + 235, -4*g - 5*d + 469 = 0. Does 13 divide g?
False
Suppose -2320 = -11*f + 3*f. Is 29 a factor of f?
True
Let c(h) = 2*h**3 - 13*h**2 - 5*h + 2. Let d(n) = -n**2 + 9*n + 7. Let y(u) = -u**2 - 7*u - 3. Let l be y(-3). Let a be d(l). Is c(a) a multiple of 8?
True
Suppose -170*p = -173*p + 4335. Is 63 a factor of p?
False
Let o be 48/(-18)*(-315)/6. Is 14 a factor of o/8 - (-6)/(-8)*-2?
False
Let v = -19 - -17. Let r be (0 - (-1 + v)) + 2. Suppose g - 110 = -3*c, -3*c + 2*c - r*g = -46. Is c a multiple of 12?
True
Let d(l) = 4*l - 6. Let m be d(5). Let f = m - -22. Does 12 divide f?
True
Let i = 730 - 249. Is 7 a factor of i?
False
Suppose -253 = 21*z - 23*z - 3*c, 0 = 3*z + c - 369. Is 3 a factor of z?
False
Suppose 562 + 18 = 5*f. Suppose 0*a - f = -2*a - 2*r, 5*a = r + 320. Is 7 a factor of a?
True
Suppose 4*y - 20 = -0*y. Suppose -4*f + y = f. Is 31 a factor of 4/(f + 3)*53?
False
Let a = 18 + -66. Let w = 23 + a. Let q = w - -50. Is q a multiple of 9?
False
Suppose 3*x - p = -1 - 2, 4*x = 3*p - 4. Let h(b) = -11*b**2 - 1. Let g be h(x). Does 3 divide ((-2)/(-3))/((-1)/g)?
False
Suppose 6*x + 165 = x. Let z = 25 + x. Is 55 + (0 + z)/(-2) a multiple of 29?
False
Suppose -3*d + 83 = -88. Let z = 247 + d. Is 4 a factor of z/14 + 10/35?
False
Suppose s + 76 = -25. Let t = s - -111. Is t a multiple of 6?
False
Suppose 0 = -g - 3*q + 42, 0 = 4*q - 1 - 19. Let r be -2 - (g - (-4 - -8)). Let m = r - -29. Is 4 a factor of m?
True
Let t = -247 + 357. Is t a multiple of 11?
True
Suppose 3 = -3*m, -2*k + 959 = 101*m - 96*m. Does 7 divide k?
False
Let c(o) be the first derivative of -o**4/4 + 2*o**3 + 2*o**2 + 15. Does 16 divide c(5)?
False
Let x(a) = 11*a - 2. Let d be x(2). Suppose -d = -2*k + 4. Suppose -2*l + 4*i = -12 - k, 0 = 4*l + 2*i - 68. Is 4 a factor of l?
True
Suppose 5*i + 425 = 4*f, 3*f = -4*i + 379 - 99. Suppose -2*v = -3*v + f. Is v a multiple of 12?
False
Let a(j) = 15*j**3 - 10*j**2 + 8*j + 13. Is a(3) a multiple of 11?
True
Suppose -3*l = 2*l - 35. Suppose -l*f = -3*f + 16. Is 30 a factor of (f - -10)/(-3) - -66?
False
Let d = -24 - -32. Let l(v) = 2*v**2 + 5*v + 3. Let c be l(-7). Suppose -c = -d*s + 6*s. Is 10 a factor of s?
False
Suppose -u + 284 = 4*i - 47, -1272 = -4*u - 3*i. Suppose 116*t - u = 113*t. Is 15 a factor of t?
True
Suppose -35*c = 20*c - 13145. Is c a multiple of 49?
False
Does 38 divide (-14)/(-7 - (2650/76)/(-5))?
True
Let t = 182 + 456. Is 17 a factor of t?
False
Let y = -16 - -1. Does 3 divide (4/y)/(2/(-65))*3?
False
Suppose 88*y - 84*y - 7008 = 0. Is 18 a factor of y?
False
Let a(y) = 23*y - 29. Is 10 a factor of a(5)?
False
Let v = -837 + 1746. Is 11 a factor of v?
False
Suppose l + 3*a - 19 = -a, 3*l - a - 31 = 0. Suppose 0 = l*b - 8*b - 114. Does 5 divide b?
False
Suppose -3*x - 5*a + 1207 = 0, -2*a - 919 = -3*x + 295. Does 20 divide x?
False
Let s = -127 + 452. Is 13 a factor of s?
True
Let v(z) = 3*z**2 - 21*z + 12. Let u be 88/20*(-10)/(-4). Does 18 divide v(u)?
True
Let y(b) = -b + 37. Let l be y(4). Suppose -5 = j - l. Is 2 a factor of j?
True
Let a = 58 - 23. Let o = a - 2. Does 11 divide o?
True
Suppose 2*v - 3*i = -3*v + 78, -4*v = 2*i - 58. Suppose v = -5*s + 2*s, -2*s - 190 = -5*q. Is 12 a factor of q?
True
Let l be (9 - -3)*13/1. Suppose -3*u + l = -5*z, 5*u - 4*z - 65 = 208. Suppose -a + u = -0*a. Does 19 divide a?
True
Let r(f) = 2*f**3 - 14*f**2 - 5*f + 6. Is 15 a factor of r(9)?
True
Let t = 37 - -246. Does 32 divide t?
False
Let t = -28 + 39. Let i = t - 8. Suppose -i*m = -h + 22, h - 5*m - 1 - 29 = 0. Does 5 divide h?
True
Suppose -w + 46*o = 49*o - 394, 5*w - 2002 = o. Is w a multiple of 25?
True
Let j = 127 - 124. Let f(s) = -s**3 - 2*s**2 + 5*s + 2. Let g be f(-5). Is (g/3)/(2/j) a multiple of 13?
True
Suppose 0 = 4*d - 4*x - 8 + 4, -d - 5*x - 5 = 0. Let s = d + -1. Is 12 a factor of 8/6*s*-54?
True
Let m = 35 + -31. Let r(z) = -z**2 - z + 4. Let h be r(0). Suppose -a = -h*t + 168, m*t - 138 = -4*a + 50. Is 25 a factor of t?
False
Let u(r) = -3*r - 37. Let a(w) = 21*w + 258. Let s(h) = 2*a(h) + 15*u(h). Is s(-25) a multiple of 9?
True
Let b be (-3)/5 + 708/(-20). Let i be 0/(-1) - 5*b. Suppose 2*n + n - i = 0. Is n a multiple of 15?
True
Let r(u) = u - 7. Let k be r(10). Suppose -p - k*v = -127, v - 144 + 27 = -p. Is p a multiple of 8?
True
Let q = 83 - -552. Does 12 divide q?
False
Suppose 5*j - 1 = -11. Is 25 a factor of (2 - 600/j)*2/4?
False
Suppose -2*s - 3*u = -34, -2*u + 16 = s - 0. Is 8 a factor of s?
False
Suppose 2*h - 25 = -25. Suppose h = 3*j + j - 2*y - 584, j + 5*y = 146. Is 14 a factor of j?
False
Let k(y) = y**2 - 3*y - 16. Let b be k(5). Is (224/(-21))/(2/b) a multiple of 10?
False
Let y be 3/6*(5 - 1163). Is 15/(-25) - y/15 a multiple of 17?
False
Suppose 52*z + 0*z = 27664. Does 38 divide z?
True
Let s = 18 + -20. Let c be s/(-5) - 2/5. Suppose c = -4*m - 2*g + 40 + 46, 2*m - 3*g = 63. Does 8 divide m?
True
Suppose -2*g - 99 = 19. Let x = 27 - g. Is 43 a factor of x?
True
Let k = 17 - 33. Let n = 12 + k. Does 9 divide n - -1 - (2 + -28)?
False
Suppose -8*c - 29 = 3. Does 13 divide 66 + 0 + (-6 - c) + 1?
True
Suppose 0 = 3*k + z - 5, 2*k + z = -2*k + 8. Suppose 4*y - 18 = k*y. Is 6 a factor of -1 + y - 1/1?
False
Let c = 19 - 14. Suppose 1 = -c*n + f, 6*f - 3*f - 3 = 0. Suppose n*s = 5*s - 80. Is 10 a factor of s?
False
Let u(b) = -240*b + 1. Let x be u(-4). Suppose 0 = 3*j - 4*w - 594, -3*w - x = -5*j - 6*w. Does 9 divide j?
False
Let n = -95 - -426. Does 12 divide n?
False
Suppose -2 + 0 = -r. Suppose r*n - q - 4 = 6, 0 = n - 5*q + 4. Suppose -n*x = -x - 95. Is x a multiple of 17?
False
Let b(g) = -51*g - 432. Is b(-36) a multiple of 18?
True
Let v = 65 - 59. Does 6 divide (-12)/(v/(-6) + (-38)/(-42))?
True
Suppose 2*v = 5*v - 9. Suppose -5*u - 5*t + 21 = -2*u, 0 = -3*u - v*t + 15. Suppose 2*w + u*i = 26, 4*w - 3*i - 6 - 81 = 0. Does 9 divide w?
True
Let v(r) = -7*r + 56. Suppose 5*t + 1 + 49 = 0. Is 18 a factor of v(t)?
True
Let z = -644 + 768. Is 88 a factor of z?
False
Let n = -251 + 421. Is n a multiple of 22?
False
Suppose p = 10 + 92. Is p a multiple of 2?
True
Let i = 987 - 411. Is i a multiple of 22?
False
Let p(h) = -32*h - 47. Is p(-10) a multiple of 42?
False
Suppose -16*g = -14*g. Suppose g*o = -6*o + 750. Is 9 a factor of o?
False
Does 12 divide 492*2*2/12*3?
True
Let n(x) = x - 31. Let k(z) = -2*z + 62. Let i(m) = -3*k(m) - 7*n(m). Is 28 a factor of i(-7)?
False
Suppose -2*g + 0 = -10. Suppose 0 = g*w - w - 332. Let o = w - -19. Is o a multiple of 28?
False
Suppose 0 = 2*b + b - 3*c - 21, -5*c - 19 = -b. Suppose -5*s + 0*l = 3*l - 191, 4*s + b*l = 148. Suppose -7*d + s = -2*d. Is d a multiple of 3?
False
Suppose 0 = 5*c + 4*x - 1550, 2*c + 0*x - x = 633. Is 46 a factor of c?
False
Let a(o) = o**3 + 19*o**2 - 22*o + 23. Let y be a(-20). Suppose 2*g = -3*n + y - 6, -5*n - 57 = -3*g. Is g a multiple of 17?
False
Let q = -8 + 5. Let g be (q/2)/(12/16). Is (92 + g)*(-16)/(-24) a multiple of 15?
True
Suppose -5*z + 5284 = 2*r, 11453 - 3541 = 3*r + 4*z. Does 15 divide r?
False
Let s = 0 - 2. Let i be (0 - s/6)*6. Suppose -i*a - 24 = -5*a. Is 4 a factor of a?
True
Let b(l) = l**3 - 3*l**2 + 7. Let w(x) = 2*x**3 - 8*x**2 + 20. Let o(m) = 8*b(m) - 3*